ime factors of 195717?
3, 65239
List the prime factors of 2257.
37, 61
List the prime factors of 862.
2, 431
List the prime factors of 5029.
47, 107
List the prime factors of 21122.
2, 59, 179
What are the prime factors of 15632?
2, 977
List the prime factors of 423.
3, 47
List the prime factors of 144.
2, 3
What are the prime factors of 67?
67
What are the prime factors of 208?
2, 13
List the prime factors of 1076.
2, 269
What are the prime factors of 9622?
2, 17, 283
List the prime factors of 339.
3, 113
List the prime factors of 105605.
5, 21121
What are the prime factors of 33175?
5, 1327
List the prime factors of 1067.
11, 97
List the prime factors of 120203.
71, 1693
List the prime factors of 634.
2, 317
What are the prime factors of 4872?
2, 3, 7, 29
List the prime factors of 833.
7, 17
List the prime factors of 67584.
2, 3, 11
What are the prime factors of 25191?
3, 311
List the prime factors of 28758.
2, 3, 4793
List the prime factors of 3890.
2, 5, 389
List the prime factors of 22054.
2, 11027
List the prime factors of 118327.
11, 31, 347
List the prime factors of 11594.
2, 11, 17, 31
List the prime factors of 832.
2, 13
List the prime factors of 1668.
2, 3, 139
What are the prime factors of 30876?
2, 3, 31, 83
What are the prime factors of 12744?
2, 3, 59
List the prime factors of 5579.
7, 797
List the prime factors of 24020.
2, 5, 1201
What are the prime factors of 4235?
5, 7, 11
What are the prime factors of 4650?
2, 3, 5, 31
What are the prime factors of 2548?
2, 7, 13
What are the prime factors of 30572?
2, 7643
What are the prime factors of 1033?
1033
What are the prime factors of 48530?
2, 5, 23, 211
What are the prime factors of 22573?
22573
List the prime factors of 1814.
2, 907
What are the prime factors of 66122?
2, 7, 4723
What are the prime factors of 1841?
7, 263
List the prime factors of 29056.
2, 227
What are the prime factors of 2216?
2, 277
List the prime factors of 1975.
5, 79
What are the prime factors of 25580?
2, 5, 1279
List the prime factors of 163117.
163117
List the prime factors of 2209.
47
List the prime factors of 9148.
2, 2287
What are the prime factors of 75150?
2, 3, 5, 167
What are the prime factors of 7888?
2, 17, 29
What are the prime factors of 61275?
3, 5, 19, 43
List the prime factors of 5995.
5, 11, 109
List the prime factors of 56671.
56671
List the prime factors of 17744.
2, 1109
List the prime factors of 10596.
2, 3, 883
List the prime factors of 218.
2, 109
List the prime factors of 67585.
5, 7, 1931
What are the prime factors of 1112?
2, 139
What are the prime factors of 289?
17
List the prime factors of 7054.
2, 3527
What are the prime factors of 154?
2, 7, 11
List the prime factors of 2005.
5, 401
List the prime factors of 1651.
13, 127
What are the prime factors of 724?
2, 181
List the prime factors of 1056.
2, 3, 11
List the prime factors of 20170.
2, 5, 2017
What are the prime factors of 6171?
3, 11, 17
What are the prime factors of 1240?
2, 5, 31
List the prime factors of 96045.
3, 5, 19, 337
List the prime factors of 811.
811
List the prime factors of 100149.
3, 7, 19, 251
List the prime factors of 330.
2, 3, 5, 11
What are the prime factors of 470?
2, 5, 47
List the prime factors of 2472.
2, 3, 103
What are the prime factors of 17977?
17977
List the prime factors of 19580.
2, 5, 11, 89
List the prime factors of 2994.
2, 3, 499
What are the prime factors of 38?
2, 19
List the prime factors of 3820.
2, 5, 191
What are the prime factors of 1146?
2, 3, 191
List the prime factors of 172.
2, 43
List the prime factors of 10469.
19, 29
List the prime factors of 828.
2, 3, 23
List the prime factors of 40195.
5, 8039
List the prime factors of 185986.
2, 92993
What are the prime factors of 3346?
2, 7, 239
What are the prime factors of 1310?
2, 5, 131
What are the prime factors of 306?
2, 3, 17
List the prime factors of 47069.
11, 389
What are the prime factors of 1999?
1999
List the prime factors of 90381.
3, 47, 641
What are the prime factors of 1954?
2, 977
What are the prime factors of 12995?
5, 23, 113
What are the prime factors of 37737?
3, 7, 599
List the prime factors of 3525.
3, 5, 47
List the prime factors of 2389.
2389
List the prime factors of 713.
23, 31
List the prime factors of 6812.
2, 13, 131
List the prime factors of 24831.
3, 31, 89
List the prime factors of 197.
197
List the prime factors of 20210.
2, 5, 43, 47
What are the prime factors of 1039?
1039
What are the prime factors of 39342?
2, 3, 79, 83
What are the prime factors of 615?
3, 5, 41
List the prime factors of 1781.
13, 137
List the prime factors of 285.
3, 5, 19
What are the prime factors of 5388?
2, 3, 449
List the prime factors of 1246.
2, 7, 89
What are the prime factors of 46409?
11, 4219
List the prime factors of 14052.
2, 3, 1171
What are the prime factors of 60819?
3, 11, 19, 97
List the prime factors of 2456.
2, 307
List the prime factors of 1019.
1019
List the prime factors of 869.
11, 79
What are the prime factors of 50796?
2, 3, 17, 83
List the prime factors of 670.
2, 5, 67
What are the prime factors of 8518?
2, 4259
List the prime factors of 360.
2, 3, 5
List the prime factors of 3161.
29, 109
What are the prime factors of 1083?
3, 19
What are the prime factors of 1822?
2, 911
What are the prime factors of 61467?
3, 7, 2927
List the prime factors of 35357.
7, 5051
List the prime factors of 585.
3, 5, 13
What are the prime factors of 12868?
2, 3217
List the prime factors of 6497.
73, 89
List the prime factors of 1191.
3, 397
What are the prime factors of 136879?
136879
What are the prime factors of 1595?
5, 11, 29
List the prime factors of 55227.
3, 41, 449
List the prime factors of 704.
2, 11
List the prime factors of 19462.
2, 37, 263
What are the prime factors of 4969?
4969
List the prime factors of 973.
7, 139
What are the prime factors of 6664?
2, 7, 17
What are the prime factors of 151?
151
What are the prime factors of 309?
3, 103
List the prime factors of 9807.
3, 7, 467
What are the prime factors of 51010?
2, 5, 5101
List the prime factors of 9345.
3, 5, 7, 89
List the prime factors of 15301.
11, 13, 107
What are the prime factors of 29?
29
List the prime factors of 17191.
17191
What are the prime factors of 12053?
17, 709
What are the prime factors of 1877?
1877
What are the prime factors of 147?
3, 7
What are the prime factors of 70468?
2, 79, 223
List the prime factors of 15436.
2, 17, 227
List the prime factors of 1080.
2, 3, 5
List the prime factors of 1851.
3, 617
List the prime factors of 641.
641
What are the prime factors of 3905?
5, 11, 71
List the prime factors of 879.
3, 293
List the prime factors of 51524.
2, 11, 1171
What are the prime factors of 4147?
11, 13, 29
List the prime factors of 181.
181
List the prime factors of 7567.
7, 23, 47
List the prime factors of 1151.
1151
List the prime factors of 34855.
5, 6971
List the prime factors of 3825.
3, 5, 17
List the prime factors of 726.
2, 3, 11
List the prime factors of 21835.
5, 11, 397
List the prime factors of 4595.
5, 919
What are the prime factors of 7028?
2, 7, 251
What are the prime factors of 904?
2, 113
List the prime factors of 5081.
5081
What are the prime factors of 14771?
14771
List the prime factors of 827.
827
List the prime factors of 1980.
2, 3, 5, 11
List the prime factors of 4488.
2, 3, 11, 17
What are the prime factors of 79359?
3, 7, 3779
What are the prime factors of 18977?
7, 2711
List the prime factors of 16958.
2, 61, 139
What are the prime factors of 179665?
5, 35933
What are the prime factors of 3355?
5, 11, 61
What are the prime factors of 2265?
3, 5, 151
List the prime factors of 94118.
2, 47059
What are the prime factors of 1591?
37, 43
What are the prime factors of 137481?
3, 45827
List the prime factors of 1961.
37, 53
List the prime factors of 1503.
3, 167
What are the prime factors of 5593?
7, 17, 47
What are the prime factors of 1648?
2, 103
What are the prime factors of 14113?
11, 1283
What are the prime factors of 19936?
2, 7, 89
What are the prime factors of 944?
2, 59
What are the prime factors of 38258?
2, 11, 37, 47
What are the prime factors of 7521?
3, 23, 109
What are the prime factors of 26323?
11, 2393
What are the prime factors of 959?
7, 137
What are the prime factors of 1003?
1